{"id":51,"date":"2020-09-04T17:00:03","date_gmt":"2020-09-04T20:00:03","guid":{"rendered":"http:\/\/cristalservicoscontabeis.com\/?page_id=51"},"modified":"2020-09-21T11:02:08","modified_gmt":"2020-09-21T14:02:08","slug":"a-empresa","status":"publish","type":"page","link":"https:\/\/cristalservicoscontabeis.com\/index.php\/a-empresa\/","title":{"rendered":"A Empresa"},"content":{"rendered":"\n<p><p style=\"text-align: justify\">Desde 2007, a Cristal Servi\u00e7os Cont\u00e1beis Eireli tem como objetivo qualificar a presta\u00e7\u00e3o de servi\u00e7os cont\u00e1beis na cidade de Santos e regi\u00e3o.<br>Visualizamos a contabilidade como uma ferramenta fundamental na tomada de decis\u00e3o e no desenvolvimento dos nossos clientes. <br>Procuramos, intensificar junto aos mesmos, solu\u00e7\u00f5es preventivas e corretivas para que n\u00e3o corram riscos com o fisco.<br>Somos uma equipe capacitada e sempre atenta \u00e0s diversas mudan\u00e7as na legisla\u00e7\u00e3o, no intuito de oferecermos a melhor solu\u00e7\u00e3o aos nossos clientes.<\/p><\/p>\n\n\n\n<div class=\"wp-block-image\"><figure class=\"aligncenter size-large\"><img loading=\"lazy\" width=\"550\" height=\"289\" src=\"http:\/\/cristalservicoscontabeis.com\/wp-content\/uploads\/2020\/09\/missao.jpg\" alt=\"\" class=\"wp-image-52\" srcset=\"https:\/\/cristalservicoscontabeis.com\/wp-content\/uploads\/2020\/09\/missao.jpg 550w, https:\/\/cristalservicoscontabeis.com\/wp-content\/uploads\/2020\/09\/missao-300x158.jpg 300w\" sizes=\"(max-width: 550px) 100vw, 550px\" \/><\/figure><\/div>\n","protected":false},"excerpt":{"rendered":"<p>Desde 2007, a Cristal Servi\u00e7os Cont\u00e1beis Eireli tem como objetivo qualificar a presta\u00e7\u00e3o de servi\u00e7os cont\u00e1beis na cidade de Santos e regi\u00e3o.Visualizamos a contabilidade como uma ferramenta fundamental na tomada de decis\u00e3o e no desenvolvimento dos nossos clientes. Procuramos, intensificar junto aos mesmos, solu\u00e7\u00f5es preventivas e corretivas para que n\u00e3o corram riscos com o fisco.Somos &hellip; <\/p>\n<p class=\"link-more\"><a href=\"https:\/\/cristalservicoscontabeis.com\/index.php\/a-empresa\/\" class=\"more-link\">Continue lendo<span class=\"screen-reader-text\"> &#8220;A Empresa&#8221;<\/span><\/a><\/p>\n","protected":false},"author":1,"featured_media":0,"parent":0,"menu_order":0,"comment_status":"closed","ping_status":"closed","template":"","meta":[],"_links":{"self":[{"href":"https:\/\/cristalservicoscontabeis.com\/index.php\/wp-json\/wp\/v2\/pages\/51"}],"collection":[{"href":"https:\/\/cristalservicoscontabeis.com\/index.php\/wp-json\/wp\/v2\/pages"}],"about":[{"href":"https:\/\/cristalservicoscontabeis.com\/index.php\/wp-json\/wp\/v2\/types\/page"}],"author":[{"embeddable":true,"href":"https:\/\/cristalservicoscontabeis.com\/index.php\/wp-json\/wp\/v2\/users\/1"}],"replies":[{"embeddable":true,"href":"https:\/\/cristalservicoscontabeis.com\/index.php\/wp-json\/wp\/v2\/comments?post=51"}],"version-history":[{"count":2,"href":"https:\/\/cristalservicoscontabeis.com\/index.php\/wp-json\/wp\/v2\/pages\/51\/revisions"}],"predecessor-version":[{"id":97,"href":"https:\/\/cristalservicoscontabeis.com\/index.php\/wp-json\/wp\/v2\/pages\/51\/revisions\/97"}],"wp:attachment":[{"href":"https:\/\/cristalservicoscontabeis.com\/index.php\/wp-json\/wp\/v2\/media?parent=51"}],"curies":[{"name":"wp","href":"https:\/\/api.w.org\/{rel}","templated":true}]}}