{"id":61,"date":"2020-09-04T17:05:57","date_gmt":"2020-09-04T20:05:57","guid":{"rendered":"http:\/\/cristalservicoscontabeis.com\/?page_id=61"},"modified":"2020-09-04T17:05:57","modified_gmt":"2020-09-04T20:05:57","slug":"area-contabil","status":"publish","type":"page","link":"https:\/\/cristalservicoscontabeis.com\/index.php\/area-contabil\/","title":{"rendered":"\u00c1rea Cont\u00e1bil"},"content":{"rendered":"\n<p style=\"text-align: justify\">Esta obriga\u00e7\u00e3o da empresa n\u00e3o significa apenas registrar os fatos que ocorrem, ou seja as movimenta\u00e7\u00f5es financeiras e provis\u00f5es, etc. e emitir os livros e documentos cont\u00e1beis.<br>Antes, \u00e9 necess\u00e1rio organizar todos os documentos e informa\u00e7\u00f5es que d\u00e3o base \u00e0 escritura\u00e7\u00e3o. J\u00e1 durante o processo os seguintes fatos garantem a realiza\u00e7\u00e3o de uma escritura\u00e7\u00e3o correta e de acordo com as normas cont\u00e1beis:<\/p>\n\n\n\n<p align=\"justify\">\n<li>Orienta\u00e7\u00e3o e controle da aplica\u00e7\u00e3o da legisla\u00e7\u00e3o vigente e normas cont\u00e1beis;<\/li><br>\n<li>Elabora\u00e7\u00e3o da contabilidade de acordo com as normas brasileiras de contabilidade;<\/li><br>\n<li>Sele\u00e7\u00e3o dos documentos id\u00f4neos para base da contabilidade;<\/li><br>\n<li>Concilia\u00e7\u00e3o banc\u00e1ria e demais contas;<\/li><br>\n<li>Confer\u00eancia de receitas, custos e despesas ap\u00f3s seus respectivos os registros;<\/li><br>\n<li>Elabora\u00e7\u00e3o de balancetes mensais, balan\u00e7o, demonstra\u00e7\u00e3o do resultado do per\u00edodo, entre outros relat\u00f3rios patinetes para tomada de decis\u00e3o;<\/li><br>\n<li>Presta\u00e7\u00e3o de contas;<\/li><br><li>An\u00e1lise de demonstra\u00e7\u00f5es cont\u00e1beis;<\/li><br>\n<li>Elabora\u00e7\u00e3o SPED ECD Escritura\u00e7\u00e3o Cont\u00e1bil Digital;<\/li><br>\n<li>Elabora\u00e7\u00e3o ECF Escritura\u00e7\u00e3o Cont\u00e1bil Fiscal;<\/li><br>\n<li>Elabora\u00e7\u00e3o de declara\u00e7\u00f5es acess\u00f3rias em atendimento as legisla\u00e7\u00f5es vigentes conforme determina\u00e7\u00e3o para cada tipo de empresa.<\/li>\n<\/p>\n","protected":false},"excerpt":{"rendered":"<p>Esta obriga\u00e7\u00e3o da empresa n\u00e3o significa apenas registrar os fatos que ocorrem, ou seja as movimenta\u00e7\u00f5es financeiras e provis\u00f5es, etc. e emitir os livros e documentos cont\u00e1beis.Antes, \u00e9 necess\u00e1rio organizar todos os documentos e informa\u00e7\u00f5es que d\u00e3o base \u00e0 escritura\u00e7\u00e3o. J\u00e1 durante o processo os seguintes fatos garantem a realiza\u00e7\u00e3o de uma escritura\u00e7\u00e3o correta e &hellip; <\/p>\n<p class=\"link-more\"><a href=\"https:\/\/cristalservicoscontabeis.com\/index.php\/area-contabil\/\" class=\"more-link\">Continue lendo<span class=\"screen-reader-text\"> &#8220;\u00c1rea Cont\u00e1bil&#8221;<\/span><\/a><\/p>\n","protected":false},"author":1,"featured_media":62,"parent":0,"menu_order":0,"comment_status":"closed","ping_status":"closed","template":"","meta":[],"_links":{"self":[{"href":"https:\/\/cristalservicoscontabeis.com\/index.php\/wp-json\/wp\/v2\/pages\/61"}],"collection":[{"href":"https:\/\/cristalservicoscontabeis.com\/index.php\/wp-json\/wp\/v2\/pages"}],"about":[{"href":"https:\/\/cristalservicoscontabeis.com\/index.php\/wp-json\/wp\/v2\/types\/page"}],"author":[{"embeddable":true,"href":"https:\/\/cristalservicoscontabeis.com\/index.php\/wp-json\/wp\/v2\/users\/1"}],"replies":[{"embeddable":true,"href":"https:\/\/cristalservicoscontabeis.com\/index.php\/wp-json\/wp\/v2\/comments?post=61"}],"version-history":[{"count":1,"href":"https:\/\/cristalservicoscontabeis.com\/index.php\/wp-json\/wp\/v2\/pages\/61\/revisions"}],"predecessor-version":[{"id":63,"href":"https:\/\/cristalservicoscontabeis.com\/index.php\/wp-json\/wp\/v2\/pages\/61\/revisions\/63"}],"wp:featuredmedia":[{"embeddable":true,"href":"https:\/\/cristalservicoscontabeis.com\/index.php\/wp-json\/wp\/v2\/media\/62"}],"wp:attachment":[{"href":"https:\/\/cristalservicoscontabeis.com\/index.php\/wp-json\/wp\/v2\/media?parent=61"}],"curies":[{"name":"wp","href":"https:\/\/api.w.org\/{rel}","templated":true}]}}