{"id":67,"date":"2020-09-04T17:11:01","date_gmt":"2020-09-04T20:11:01","guid":{"rendered":"http:\/\/cristalservicoscontabeis.com\/?page_id=67"},"modified":"2020-09-04T17:11:26","modified_gmt":"2020-09-04T20:11:26","slug":"area-trabalhista","status":"publish","type":"page","link":"https:\/\/cristalservicoscontabeis.com\/index.php\/area-trabalhista\/","title":{"rendered":"\u00c1rea Trabalhista"},"content":{"rendered":"\n<p style=\"text-align: justify\">O servi\u00e7o de contabilidade tamb\u00e9m envolve algumas obriga\u00e7\u00f5es trabalhistas, inclusive que precisam ser realizadas mensalmente. Entre essas tarefas, est\u00e3o:<br>\n<\/p>\n<li>Orienta\u00e7\u00e3o e aplica\u00e7\u00e3o dos preceitos da Consolida\u00e7\u00e3o das Leis do Trabalho, bem como aqueles atinentes \u00e0 Previd\u00eancia Social, e outros aplic\u00e1veis \u00e0s rela\u00e7\u00f5es de emprego;<br>\n<\/li>\n<li>Escritura\u00e7\u00e3o e manuten\u00e7\u00e3o do Livro de Registros de Empregados;<br>\n<\/li>\n<li>Elabora\u00e7\u00e3o da Folha de Pagamento;<br>\n<\/li>\n<li>Elabora\u00e7\u00e3o de demais obriga\u00e7\u00f5es pertinentes \u00e0 rela\u00e7\u00e3o de trabalho;<\/li>\n<li>Elabora\u00e7\u00e3o das guias de recolhimento de encargos sociais e trabalhistas;<\/li>\n<li>Elabora\u00e7\u00e3o das guias de recolhimento de contribui\u00e7\u00f5es sindicais;<\/li>\n<li>Calcular o pr\u00f3-labore dos s\u00f3cios ou recibo do \u00fanico propriet\u00e1rio da empresa;<\/li>\n<li>Elabora\u00e7\u00e3o de Folha 13\u00b0 sal\u00e1rio e pagamento de f\u00e9rias);<\/li>\n<li>Fazer os relat\u00f3rios dos dados da Folha para o Fisco trabalhista;<\/li>\n<li>Processar a documenta\u00e7\u00e3o nos casos de admiss\u00e3o e demiss\u00e3o;<\/li>\n<li>E- Social.<\/li>\n<br>\n<p style=\"text-align: justify\"> Assim, todos os pagamentos s\u00e3o calculados com rigor e as obriga\u00e7\u00f5es cumpridas, evitando ter problemas judiciais futuros.<\/p>\n","protected":false},"excerpt":{"rendered":"<p>O servi\u00e7o de contabilidade tamb\u00e9m envolve algumas obriga\u00e7\u00f5es trabalhistas, inclusive que precisam ser realizadas mensalmente. Entre essas tarefas, est\u00e3o: Orienta\u00e7\u00e3o e aplica\u00e7\u00e3o dos preceitos da Consolida\u00e7\u00e3o das Leis do Trabalho, bem como aqueles atinentes \u00e0 Previd\u00eancia Social, e outros aplic\u00e1veis \u00e0s rela\u00e7\u00f5es de emprego; Escritura\u00e7\u00e3o e manuten\u00e7\u00e3o do Livro de Registros de Empregados; Elabora\u00e7\u00e3o da &hellip; <\/p>\n<p class=\"link-more\"><a href=\"https:\/\/cristalservicoscontabeis.com\/index.php\/area-trabalhista\/\" class=\"more-link\">Continue lendo<span class=\"screen-reader-text\"> &#8220;\u00c1rea Trabalhista&#8221;<\/span><\/a><\/p>\n","protected":false},"author":1,"featured_media":68,"parent":0,"menu_order":0,"comment_status":"closed","ping_status":"closed","template":"","meta":[],"_links":{"self":[{"href":"https:\/\/cristalservicoscontabeis.com\/index.php\/wp-json\/wp\/v2\/pages\/67"}],"collection":[{"href":"https:\/\/cristalservicoscontabeis.com\/index.php\/wp-json\/wp\/v2\/pages"}],"about":[{"href":"https:\/\/cristalservicoscontabeis.com\/index.php\/wp-json\/wp\/v2\/types\/page"}],"author":[{"embeddable":true,"href":"https:\/\/cristalservicoscontabeis.com\/index.php\/wp-json\/wp\/v2\/users\/1"}],"replies":[{"embeddable":true,"href":"https:\/\/cristalservicoscontabeis.com\/index.php\/wp-json\/wp\/v2\/comments?post=67"}],"version-history":[{"count":2,"href":"https:\/\/cristalservicoscontabeis.com\/index.php\/wp-json\/wp\/v2\/pages\/67\/revisions"}],"predecessor-version":[{"id":70,"href":"https:\/\/cristalservicoscontabeis.com\/index.php\/wp-json\/wp\/v2\/pages\/67\/revisions\/70"}],"wp:featuredmedia":[{"embeddable":true,"href":"https:\/\/cristalservicoscontabeis.com\/index.php\/wp-json\/wp\/v2\/media\/68"}],"wp:attachment":[{"href":"https:\/\/cristalservicoscontabeis.com\/index.php\/wp-json\/wp\/v2\/media?parent=67"}],"curies":[{"name":"wp","href":"https:\/\/api.w.org\/{rel}","templated":true}]}}